{"id":44,"date":"2017-06-21T06:39:38","date_gmt":"2017-06-21T06:39:38","guid":{"rendered":"http:\/\/www.editorialgeu.com\/blog\/?page_id=44"},"modified":"2017-06-30T10:18:55","modified_gmt":"2017-06-30T10:18:55","slug":"aviso-legal","status":"publish","type":"page","link":"https:\/\/www.editorialgeu.com\/blog\/aviso-legal\/","title":{"rendered":"Aviso legal"},"content":{"rendered":"<p>Lea y entienda estas condiciones generales de venta y consulte a trav\u00e9s de info&#64;&#101;&#100;&#x69;&#x74;&#x6f;&#x72;&#x69;&#x61;&#x6c;geu.c&#111;&#109;\u00a0lo que requiera antes de proceder a su pedido, ya que el uso de cualquier tipo de servicios de la EMPRESA implica plena e \u00edntegra aceptaci\u00f3n de estas condiciones generales y se considerar\u00e1, a todos los efectos, prueba del perfecto conocimiento por parte del usuario de las mismas.<\/p>\n<h3><strong>DATOS IDENTIFICATIVOS<\/strong><\/h3>\n<p>En cumplimiento del art\u00edculo 10 de la Ley 34\/2002, de 11 de julio, de Servicios de la Sociedad de la Informaci\u00f3n y Comercio Electr\u00f3nico, a continuaci\u00f3n se exponen nuestros datos identificativos:<\/p>\n<p><strong>LOZANO IMPRESORES S.L.<\/strong><br \/>\nC.I.F.: B18522169<br \/>\nPgno. Industrial Los Alamos,\u00a0Avd. Principal S\/N\u00a0\u25aa C.P. 18230 Atarfe (Granada)<br \/>\nE-mail:\u00a0 info&#64;&#101;&#x64;&#x69;&#x74;&#x6f;&#x72;ialg&#101;&#117;&#x2e;&#x63;&#x6f;&#x6d;<br \/>\nDatos de inscripci\u00f3n en el Registro Mercantil de Granada: tomo 881, libro 0, folio 117,\u00a0<strong>secci\u00f3n 8, hoja GR 15817, inscripci\u00f3n o anotaci\u00f3n 3<\/strong><\/p>\n<h3><strong>PROPIEDAD INTELECTUAL<\/strong><\/h3>\n<p>El c\u00f3digo fuente, los dise\u00f1os gr\u00e1ficos, las im\u00e1genes, las animaciones, el software, los textos, as\u00ed como la informaci\u00f3n y los contenidos que se recogen en www.editorialgeu.com\u00a0 son propiedad de\u00a0<strong>LOZANO IMPRESORES S.L.<\/strong>\u00a0y no se permite la reproducci\u00f3n y\/o publicaci\u00f3n, total o parcial, del sitio web, ni su tratamiento inform\u00e1tico, su distribuci\u00f3n, su comunicaci\u00f3n p\u00fablica, ni su modificaci\u00f3n o transformaci\u00f3n, sin el permiso previo y por escrito de<strong>\u00a0LOZANO IMPRESORES S.L.<\/strong>\u00a0\u00a0 El usuario, \u00fanica y exclusivamente, puede utilizar el material que aparezca en este sitio web para su uso personal y privado, quedando prohibido su uso con fines comerciales o para incurrir en actividades contrarias a la ley.<\/p>\n<h3><strong>CONDICIONES DE UTILIZACI\u00d3N DEL SITIO WEB\u00a0www.editorialgeu.com<\/strong><\/h3>\n<p>La utilizaci\u00f3n de \u00e9sta p\u00e1gina Web implica la aceptaci\u00f3n plena y sin reservas de todas y cada una de las disposiciones incluidas en este Aviso Legal en la versi\u00f3n publicada por\u00a0<strong>LOZANO IMPRESORES S.L.<\/strong>\u00a0en el momento mismo en que el Usuario acceda a la p\u00e1gina. En consecuencia, el usuario debe leer atentamente el presente Aviso Legal.<\/p>\n<p>1.\u00a0<strong>LOZANO IMPRESORES S.L.\u00a0<\/strong>podr\u00e1 modificar o actualizar, sin previo aviso, la informaci\u00f3n contenida en su sitio Web, as\u00ed como su configuraci\u00f3n, presentaci\u00f3n y condiciones de acceso.<\/p>\n<p>2.\u00a0<strong>LOZANO IMPRESORES S.L<\/strong>. no garantiza la inexistencia de interrupciones o errores en el acceso al Web, en su contenido, ni que \u00e9ste se encuentre actualizado, aunque desarrollar\u00e1 sus mejores esfuerzos para, en su caso, evitarlos, subsanarlos o actualizarlos.<\/p>\n<p>3. El Usuario se compromete a utilizar la p\u00e1gina Web de conformidad con la ley y el presente Aviso Legal, as\u00ed como con la moral y las buenas costumbres generalmente aceptadas y el\u00a0orden p\u00fablico.<\/p>\n<p>4.\u00a0<strong>LOZANO IMPRESORES S.L.<\/strong>\u00a0garantiza que todos los contenidos y servicios que se ofrecen en\u00a0www.editorialgeu.com\u00a0respetan el principio de dignidad de la persona, el principio de no-discriminaci\u00f3n por motivos de raza, sexo, religi\u00f3n, opini\u00f3n, nacionalidad, discapacidad o cualquier otra circunstancia personal y social, as\u00ed como el principio de protecci\u00f3n de la juventud y de la infancia.<\/p>\n<p>5.\u00a0<strong>LOZANO IMPRESORES S.L.<\/strong>\u00a0se compromete, a trav\u00e9s de este medio, a NO REALIZAR PUBLICIDAD ENGA\u00d1OSA. No ser\u00e1n considerados como publicidad enga\u00f1osa los errores formales o num\u00e9ricos que puedan encontrarse a lo largo del contenido de las distintas secciones de la Web.\u00a0<strong>LOZANO IMPRESORES S.L.<\/strong>\u00a0se compromete a corregirlo tan pronto como tenga conocimiento de dichos errores.<\/p>\n<p>6.\u00a0<strong>LOZANO IMPRESORES S.L.<\/strong>\u00a0se compromete a NO REMITIR COMUNICACIONES COMERCIALES SIN IDENTIFICARLAS COMO TALES, y sin previo consentimiento conforme a lo dispuesto en la Ley 34\/2002 de Servicios de la Sociedad de la Informaci\u00f3n y de comercio electr\u00f3nico. No ser\u00e1 considerada como comunicaci\u00f3n comercial toda la informaci\u00f3n que se env\u00ede a los clientes de\u00a0<strong>LOZANO IMPRESORES S.L<\/strong>. siempre que tenga por finalidad el mantenimiento de la relaci\u00f3n contractual existente entre cliente y<strong>\u00a0LOZANO IMPRESORES S.L<\/strong>. as\u00ed como el desempe\u00f1o de tareas de informaci\u00f3n y otras actividades propias del servicio que el cliente tiene contratado con la empresa o requiere de \u00e9sta voluntariamente.<\/p>\n<p>7. Tanto el acceso a esta Web, como el uso que pueda hacerse de la informaci\u00f3n contenida en la misma es de la exclusiva responsabilidad de quien lo realiza.\u00a0<strong>LOZANO IMPRESORES S.L.<\/strong>\u00a0no responder\u00e1 de ninguna consecuencia, da\u00f1o o perjuicio que pudieran derivarse de dicho acceso o uso de la informaci\u00f3n.\u00a0<strong>LOZANO IMPRESORES S.L.<\/strong>\u00a0no se hace responsable de los posibles errores de seguridad que se puedan producir ni de los posibles da\u00f1os que puedan causarse al sistema inform\u00e1tico del usuario (hardware y software), los ficheros o documentos almacenados en el mismo, como consecuencia de la presencia de virus en el ordenador del usuario utilizado para la conexi\u00f3n a los servicios y contenidos de la Web, de un mal funcionamiento del navegador o del uso de versiones no actualizadas del mismo.<\/p>\n<p>8. Todo enlace de terceros a esta Web debe serlo a su p\u00e1gina principal o de entrada.<\/p>\n<p>9.\u00a0<strong>LOZANO IMPRESORES S.L.\u00a0<\/strong>y el usuario, con renuncia expresa a cualquier otro fuero, se someten al de los juzgados y tribunales del domicilio del usuario para cualquier controversia que pudiera derivarse del acceso a esta Web. En el caso de que el usuario tenga su domicilio fuera de Espa\u00f1a,\u00a0<strong>LOZANO IMPRESORES S.L.<\/strong>\u00a0y el usuario se someten, con renuncia expresa a cualquier otro fuero, a los juzgados y tribunales de la ciudad de Granada (Espa\u00f1a).<\/p>\n","protected":false},"excerpt":{"rendered":"<p>Lea y entienda estas condiciones generales de venta y consulte a trav\u00e9s de i&#110;&#x66;&#x6f;&#64;e&#100;&#x69;&#x74;o&#114;&#x69;&#x61;lg&#101;&#x75;&#x2e;c&#111;&#x6d;\u00a0lo que requiera antes de proceder a su pedido, ya que el uso de cualquier tipo de servicios de la EMPRESA implica plena e \u00edntegra aceptaci\u00f3n de estas condiciones generales y se considerar\u00e1, a todos los efectos, prueba del perfecto conocimiento por [&hellip;]<\/p>\n","protected":false},"author":1,"featured_media":0,"parent":0,"menu_order":0,"comment_status":"closed","ping_status":"closed","template":"","meta":{"footnotes":""},"class_list":["post-44","page","type-page","status-publish","hentry"],"yoast_head":"<!-- This site is optimized with the Yoast SEO plugin v27.4 - https:\/\/yoast.com\/product\/yoast-seo-wordpress\/ -->\n<title>Aviso legal - Blog Editorial GEU<\/title>\n<meta name=\"robots\" content=\"index, follow, max-snippet:-1, max-image-preview:large, max-video-preview:-1\" \/>\n<link rel=\"canonical\" href=\"https:\/\/www.editorialgeu.com\/blog\/aviso-legal\/\" \/>\n<meta property=\"og:locale\" content=\"es_ES\" \/>\n<meta property=\"og:type\" content=\"article\" \/>\n<meta property=\"og:title\" content=\"Aviso legal - Blog Editorial GEU\" \/>\n<meta property=\"og:description\" content=\"Lea y entienda estas condiciones generales de venta y consulte a trav\u00e9s de &#105;&#x6e;f&#x6f;&#064;&#101;&#x64;i&#x74;o&#114;&#x69;a&#x6c;g&#x65;&#x75;.&#x63;o&#x6d;\u00a0lo que requiera antes de proceder a su pedido, ya que el uso de cualquier tipo de servicios de la EMPRESA implica plena e \u00edntegra aceptaci\u00f3n de estas condiciones generales y se considerar\u00e1, a todos los efectos, prueba del perfecto conocimiento por [&hellip;]\" \/>\n<meta property=\"og:url\" content=\"https:\/\/www.editorialgeu.com\/blog\/aviso-legal\/\" \/>\n<meta property=\"og:site_name\" content=\"Blog Editorial GEU\" \/>\n<meta property=\"article:modified_time\" content=\"2017-06-30T10:18:55+00:00\" \/>\n<meta name=\"twitter:card\" content=\"summary_large_image\" \/>\n<meta name=\"twitter:label1\" content=\"Tiempo de lectura\" \/>\n\t<meta name=\"twitter:data1\" content=\"5 minutos\" \/>\n<script type=\"application\/ld+json\" class=\"yoast-schema-graph\">{\"@context\":\"https:\\\/\\\/schema.org\",\"@graph\":[{\"@type\":\"WebPage\",\"@id\":\"https:\\\/\\\/www.editorialgeu.com\\\/blog\\\/aviso-legal\\\/\",\"url\":\"https:\\\/\\\/www.editorialgeu.com\\\/blog\\\/aviso-legal\\\/\",\"name\":\"Aviso legal - Blog Editorial GEU\",\"isPartOf\":{\"@id\":\"https:\\\/\\\/www.editorialgeu.com\\\/blog\\\/#website\"},\"datePublished\":\"2017-06-21T06:39:38+00:00\",\"dateModified\":\"2017-06-30T10:18:55+00:00\",\"breadcrumb\":{\"@id\":\"https:\\\/\\\/www.editorialgeu.com\\\/blog\\\/aviso-legal\\\/#breadcrumb\"},\"inLanguage\":\"es\",\"potentialAction\":[{\"@type\":\"ReadAction\",\"target\":[\"https:\\\/\\\/www.editorialgeu.com\\\/blog\\\/aviso-legal\\\/\"]}]},{\"@type\":\"BreadcrumbList\",\"@id\":\"https:\\\/\\\/www.editorialgeu.com\\\/blog\\\/aviso-legal\\\/#breadcrumb\",\"itemListElement\":[{\"@type\":\"ListItem\",\"position\":1,\"name\":\"Portada\",\"item\":\"https:\\\/\\\/www.editorialgeu.com\\\/blog\\\/\"},{\"@type\":\"ListItem\",\"position\":2,\"name\":\"Aviso legal\"}]},{\"@type\":\"WebSite\",\"@id\":\"https:\\\/\\\/www.editorialgeu.com\\\/blog\\\/#website\",\"url\":\"https:\\\/\\\/www.editorialgeu.com\\\/blog\\\/\",\"name\":\"Blog Editorial GEU\",\"description\":\"Actualidad, noticias y consejos por una Escuela Inclusiva\",\"publisher\":{\"@id\":\"https:\\\/\\\/www.editorialgeu.com\\\/blog\\\/#organization\"},\"potentialAction\":[{\"@type\":\"SearchAction\",\"target\":{\"@type\":\"EntryPoint\",\"urlTemplate\":\"https:\\\/\\\/www.editorialgeu.com\\\/blog\\\/?s={search_term_string}\"},\"query-input\":{\"@type\":\"PropertyValueSpecification\",\"valueRequired\":true,\"valueName\":\"search_term_string\"}}],\"inLanguage\":\"es\"},{\"@type\":\"Organization\",\"@id\":\"https:\\\/\\\/www.editorialgeu.com\\\/blog\\\/#organization\",\"name\":\"Blog Editorial GEU\",\"url\":\"https:\\\/\\\/www.editorialgeu.com\\\/blog\\\/\",\"logo\":{\"@type\":\"ImageObject\",\"inLanguage\":\"es\",\"@id\":\"https:\\\/\\\/www.editorialgeu.com\\\/blog\\\/#\\\/schema\\\/logo\\\/image\\\/\",\"url\":\"https:\\\/\\\/www.editorialgeu.com\\\/blog\\\/wp-content\\\/uploads\\\/2019\\\/11\\\/LogoGEU_Blog.png\",\"contentUrl\":\"https:\\\/\\\/www.editorialgeu.com\\\/blog\\\/wp-content\\\/uploads\\\/2019\\\/11\\\/LogoGEU_Blog.png\",\"width\":1181,\"height\":477,\"caption\":\"Blog Editorial GEU\"},\"image\":{\"@id\":\"https:\\\/\\\/www.editorialgeu.com\\\/blog\\\/#\\\/schema\\\/logo\\\/image\\\/\"}}]}<\/script>\n<!-- \/ Yoast SEO plugin. -->","yoast_head_json":{"title":"Aviso legal - Blog Editorial GEU","robots":{"index":"index","follow":"follow","max-snippet":"max-snippet:-1","max-image-preview":"max-image-preview:large","max-video-preview":"max-video-preview:-1"},"canonical":"https:\/\/www.editorialgeu.com\/blog\/aviso-legal\/","og_locale":"es_ES","og_type":"article","og_title":"Aviso legal - Blog Editorial GEU","og_description":"Lea y entienda estas condiciones generales de venta y consulte a trav\u00e9s de &#105;&#x6e;f&#x6f;&#64;&#101;&#x64;i&#x74;o&#114;&#x69;a&#x6c;g&#x65;&#x75;.&#x63;o&#x6d;\u00a0lo que requiera antes de proceder a su pedido, ya que el uso de cualquier tipo de servicios de la EMPRESA implica plena e \u00edntegra aceptaci\u00f3n de estas condiciones generales y se considerar\u00e1, a todos los efectos, prueba del perfecto conocimiento por [&hellip;]","og_url":"https:\/\/www.editorialgeu.com\/blog\/aviso-legal\/","og_site_name":"Blog Editorial GEU","article_modified_time":"2017-06-30T10:18:55+00:00","twitter_card":"summary_large_image","twitter_misc":{"Tiempo de lectura":"5 minutos"},"schema":{"@context":"https:\/\/schema.org","@graph":[{"@type":"WebPage","@id":"https:\/\/www.editorialgeu.com\/blog\/aviso-legal\/","url":"https:\/\/www.editorialgeu.com\/blog\/aviso-legal\/","name":"Aviso legal - Blog Editorial GEU","isPartOf":{"@id":"https:\/\/www.editorialgeu.com\/blog\/#website"},"datePublished":"2017-06-21T06:39:38+00:00","dateModified":"2017-06-30T10:18:55+00:00","breadcrumb":{"@id":"https:\/\/www.editorialgeu.com\/blog\/aviso-legal\/#breadcrumb"},"inLanguage":"es","potentialAction":[{"@type":"ReadAction","target":["https:\/\/www.editorialgeu.com\/blog\/aviso-legal\/"]}]},{"@type":"BreadcrumbList","@id":"https:\/\/www.editorialgeu.com\/blog\/aviso-legal\/#breadcrumb","itemListElement":[{"@type":"ListItem","position":1,"name":"Portada","item":"https:\/\/www.editorialgeu.com\/blog\/"},{"@type":"ListItem","position":2,"name":"Aviso legal"}]},{"@type":"WebSite","@id":"https:\/\/www.editorialgeu.com\/blog\/#website","url":"https:\/\/www.editorialgeu.com\/blog\/","name":"Blog Editorial GEU","description":"Actualidad, noticias y consejos por una Escuela Inclusiva","publisher":{"@id":"https:\/\/www.editorialgeu.com\/blog\/#organization"},"potentialAction":[{"@type":"SearchAction","target":{"@type":"EntryPoint","urlTemplate":"https:\/\/www.editorialgeu.com\/blog\/?s={search_term_string}"},"query-input":{"@type":"PropertyValueSpecification","valueRequired":true,"valueName":"search_term_string"}}],"inLanguage":"es"},{"@type":"Organization","@id":"https:\/\/www.editorialgeu.com\/blog\/#organization","name":"Blog Editorial GEU","url":"https:\/\/www.editorialgeu.com\/blog\/","logo":{"@type":"ImageObject","inLanguage":"es","@id":"https:\/\/www.editorialgeu.com\/blog\/#\/schema\/logo\/image\/","url":"https:\/\/www.editorialgeu.com\/blog\/wp-content\/uploads\/2019\/11\/LogoGEU_Blog.png","contentUrl":"https:\/\/www.editorialgeu.com\/blog\/wp-content\/uploads\/2019\/11\/LogoGEU_Blog.png","width":1181,"height":477,"caption":"Blog Editorial GEU"},"image":{"@id":"https:\/\/www.editorialgeu.com\/blog\/#\/schema\/logo\/image\/"}}]}},"_links":{"self":[{"href":"https:\/\/www.editorialgeu.com\/blog\/wp-json\/wp\/v2\/pages\/44","targetHints":{"allow":["GET"]}}],"collection":[{"href":"https:\/\/www.editorialgeu.com\/blog\/wp-json\/wp\/v2\/pages"}],"about":[{"href":"https:\/\/www.editorialgeu.com\/blog\/wp-json\/wp\/v2\/types\/page"}],"author":[{"embeddable":true,"href":"https:\/\/www.editorialgeu.com\/blog\/wp-json\/wp\/v2\/users\/1"}],"replies":[{"embeddable":true,"href":"https:\/\/www.editorialgeu.com\/blog\/wp-json\/wp\/v2\/comments?post=44"}],"version-history":[{"count":5,"href":"https:\/\/www.editorialgeu.com\/blog\/wp-json\/wp\/v2\/pages\/44\/revisions"}],"predecessor-version":[{"id":282,"href":"https:\/\/www.editorialgeu.com\/blog\/wp-json\/wp\/v2\/pages\/44\/revisions\/282"}],"wp:attachment":[{"href":"https:\/\/www.editorialgeu.com\/blog\/wp-json\/wp\/v2\/media?parent=44"}],"curies":[{"name":"wp","href":"https:\/\/api.w.org\/{rel}","templated":true}]}}