{"id":923,"date":"2018-05-24T13:29:09","date_gmt":"2018-05-24T11:29:09","guid":{"rendered":"https:\/\/www.editorialgeu.com\/blog\/?page_id=923"},"modified":"2018-05-25T11:14:00","modified_gmt":"2018-05-25T09:14:00","slug":"politica-de-privacidad","status":"publish","type":"page","link":"https:\/\/www.editorialgeu.com\/blog\/politica-de-privacidad\/","title":{"rendered":"Pol\u00edtica de privacidad"},"content":{"rendered":"<p>En cumplimiento de lo dispuesto en el art\u00edculo 5 de la Ley Org\u00e1nica 15\/1999, de 13 de Diciembre, de Protecci\u00f3n de Datos de Car\u00e1cter Personal, le informamos de la existencia de un fichero mixto de datos de car\u00e1cter personal denominado CLIENTES Y PROVEEDORES cuyo titular y responsable es LOZANO IMPRESORES S.L. La existencia del fichero ha sido debidamente notificada a la Agencia Espa\u00f1ola de Protecci\u00f3n de Datos. La recogida y tratamiento de los datos personales, incorporados al fichero, tiene como finalidad la actividad comercial, ofrecerles informaci\u00f3n de inter\u00e9s o requerida, as\u00ed como la realizaci\u00f3n de comunicaciones comerciales. El titular de los datos (o padre, madre, tutor o representante legal del menor de 14 a\u00f1os cuyos datos se aportan) deber\u00e1 autorizar expl\u00edcitamente que acepta que los datos personales aportados sean incorporados y tratados en dicho fichero marcando la casilla \u201cACEPTO\u201d una vez cumplimentados sus datos y antes de ser enviados.<\/p>\n<p>LOZANO IMPRESORES S.L. se compromete al cumplimiento de la obligaci\u00f3n de secreto respecto de los datos personales facilitados as\u00ed como al deber de guardarlos, en la forma establecida en el art\u00edculo 10 de la Ley Org\u00e1nica 15\/1999 de Protecci\u00f3n de Datos de Car\u00e1cter Personal, y adopta, a estos efectos, las medidas de \u00edndole t\u00e9cnica, organizativa y de seguridad necesarias para evitar su alteraci\u00f3n, p\u00e9rdida, tratamiento o acceso no autorizado, de acuerdo a lo establecido en el Real Decreto 1720\/2007 , de 21 de Diciembre, por el que se aprueba el reglamento de medidas de seguridad de los ficheros automatizados que contengan datos de car\u00e1cter personal.<\/p>\n<p>Usted podr\u00e1 en todo momento ejercitar sus derechos de acceso, rectificaci\u00f3n, cancelaci\u00f3n y oposici\u00f3n al tratamiento de datos personales, regulados en la Ley Org\u00e1nica 15\/1999 de Protecci\u00f3n de Datos de Car\u00e1cter Personal, mediante comunicaci\u00f3n firmada y remitida a: LOZANO IMPRESORES S.L. con domicilio a efectos de notificaciones en Camino de Ronda 202 bajo, local 2 \u25aa C.P. 18003 Granada, acompa\u00f1ada de fotocopia de su documento de identificaci\u00f3n personal.<\/p>\n<h4>CONDICIONES EN P\u00c1GINA WEB<\/h4>\n<p>De conformidad con lo establecido en la Ley org\u00e1nica 15\/1999 de Protecci\u00f3n de Datos de Car\u00e1cter Personal, le informamos que los datos personales recogidos a trav\u00e9s de los distintos formularios de nuestra p\u00e1gina Web, ser\u00e1n incluidos en ficheros automatizados bajo responsabilidad de LOZANO IMPRESORES S.L. con la finalidad de ofrecer y gestionar todos los servicios que se ofrecen desde nuestra p\u00e1gina Web y que usted nos solicita.<\/p>\n<p>Todos los campos se\u00f1alados con asterisco son de obligada respuesta, la negativa a rellenarlo implica la imposibilidad de tramitar su registro y a su vez, el usuario se hace responsable de la veracidad de los datos.<\/p>\n<p>As\u00ed mismo, al utilizar nuestros formularios, declara ser mayor de 14 a\u00f1os. Cualquier dato introducido de menores de 14 a\u00f1os en cualquier formato (gr\u00e1fico, fotogr\u00e1fico, sonoro, etc.) que pueda identificar al menor, deber\u00e1 hacerse exclusivamente por el padre, madre, tutor o representante legal, con pleno conocimiento de las presentes condiciones, y consciente de que de no ser as\u00ed, puede incurrir en responsabilidades penales.<\/p>\n<p>As\u00ed mismo, le informamos que pueden ejercer su derecho de acceso, cancelaci\u00f3n, rectificaci\u00f3n y oposici\u00f3n mediante escrito a la direcci\u00f3n Camino de Ronda 202 bajo, local 2 \u25aa C.P. 18003 Granada, acompa\u00f1ado de fotocopia de su documento de identificaci\u00f3n personal.<\/p>\n<p>Mientras no nos comunique lo contrario, entenderemos que sus datos, o los datos introducidos por usted de menores bajo su tutela, no han sido modificados, que Usted se compromete a notificarnos cualquier variaci\u00f3n y que tenemos el consentimiento para utilizarlos a fin de poder fidelizar la relaci\u00f3n entre las partes. Tambi\u00e9n solicitamos su consentimiento para la comunicaci\u00f3n de los datos a otras empresas cuando esta comunicaci\u00f3n sea necesaria para la ejecuci\u00f3n del presente servicio o suponga una mejora del mismo, as\u00ed como la publicaci\u00f3n de sus datos en nuestra p\u00e1gina Web.<\/p>\n<p>En cumplimiento de la ley 34\/2002 del 11 de Julio de Servicios de la Sociedad de la Informaci\u00f3n y Comercio Electr\u00f3nico (LSSI-CE), el usuario autoriza a LOZANO IMPRESORES S.L. al env\u00edo en todos los formatos existentes, de publicidad y\/o documentos para la correcta ejecuci\u00f3n del servicio prestado.<\/p>\n<p>Mediante mi aceptaci\u00f3n doy constancia de haber le\u00eddo y comprendido todo lo que se ha expuesto anteriormente en este documento y de que soy conocedor de mis derechos y obligaciones de conformidad con la Ley 15\/1999 de Protecci\u00f3n de Datos de Car\u00e1cter Personal.<\/p>\n","protected":false},"excerpt":{"rendered":"<p>En cumplimiento de lo dispuesto en el art\u00edculo 5 de la Ley Org\u00e1nica 15\/1999, de 13 de Diciembre, de Protecci\u00f3n de Datos de Car\u00e1cter Personal, le informamos de la existencia de un fichero mixto de datos de car\u00e1cter personal denominado CLIENTES Y PROVEEDORES cuyo titular y responsable es LOZANO IMPRESORES S.L. La existencia del fichero [&hellip;]<\/p>\n","protected":false},"author":1,"featured_media":0,"parent":0,"menu_order":0,"comment_status":"closed","ping_status":"closed","template":"","meta":{"footnotes":""},"class_list":["post-923","page","type-page","status-publish","hentry"],"yoast_head":"<!-- This site is optimized with the Yoast SEO plugin v27.4 - https:\/\/yoast.com\/product\/yoast-seo-wordpress\/ -->\n<title>Pol\u00edtica de privacidad - Blog Editorial GEU<\/title>\n<meta name=\"robots\" content=\"index, follow, max-snippet:-1, max-image-preview:large, max-video-preview:-1\" \/>\n<link rel=\"canonical\" href=\"https:\/\/www.editorialgeu.com\/blog\/politica-de-privacidad\/\" \/>\n<meta property=\"og:locale\" content=\"es_ES\" \/>\n<meta property=\"og:type\" content=\"article\" \/>\n<meta property=\"og:title\" content=\"Pol\u00edtica de privacidad - Blog Editorial GEU\" \/>\n<meta property=\"og:description\" content=\"En cumplimiento de lo dispuesto en el art\u00edculo 5 de la Ley Org\u00e1nica 15\/1999, de 13 de Diciembre, de Protecci\u00f3n de Datos de Car\u00e1cter Personal, le informamos de la existencia de un fichero mixto de datos de car\u00e1cter personal denominado CLIENTES Y PROVEEDORES cuyo titular y responsable es LOZANO IMPRESORES S.L. La existencia del fichero [&hellip;]\" \/>\n<meta property=\"og:url\" content=\"https:\/\/www.editorialgeu.com\/blog\/politica-de-privacidad\/\" \/>\n<meta property=\"og:site_name\" content=\"Blog Editorial GEU\" \/>\n<meta property=\"article:modified_time\" content=\"2018-05-25T09:14:00+00:00\" \/>\n<meta name=\"twitter:card\" content=\"summary_large_image\" \/>\n<meta name=\"twitter:label1\" content=\"Tiempo de lectura\" \/>\n\t<meta name=\"twitter:data1\" content=\"4 minutos\" \/>\n<script type=\"application\/ld+json\" class=\"yoast-schema-graph\">{\"@context\":\"https:\\\/\\\/schema.org\",\"@graph\":[{\"@type\":\"WebPage\",\"@id\":\"https:\\\/\\\/www.editorialgeu.com\\\/blog\\\/politica-de-privacidad\\\/\",\"url\":\"https:\\\/\\\/www.editorialgeu.com\\\/blog\\\/politica-de-privacidad\\\/\",\"name\":\"Pol\u00edtica de privacidad - Blog Editorial GEU\",\"isPartOf\":{\"@id\":\"https:\\\/\\\/www.editorialgeu.com\\\/blog\\\/#website\"},\"datePublished\":\"2018-05-24T11:29:09+00:00\",\"dateModified\":\"2018-05-25T09:14:00+00:00\",\"breadcrumb\":{\"@id\":\"https:\\\/\\\/www.editorialgeu.com\\\/blog\\\/politica-de-privacidad\\\/#breadcrumb\"},\"inLanguage\":\"es\",\"potentialAction\":[{\"@type\":\"ReadAction\",\"target\":[\"https:\\\/\\\/www.editorialgeu.com\\\/blog\\\/politica-de-privacidad\\\/\"]}]},{\"@type\":\"BreadcrumbList\",\"@id\":\"https:\\\/\\\/www.editorialgeu.com\\\/blog\\\/politica-de-privacidad\\\/#breadcrumb\",\"itemListElement\":[{\"@type\":\"ListItem\",\"position\":1,\"name\":\"Portada\",\"item\":\"https:\\\/\\\/www.editorialgeu.com\\\/blog\\\/\"},{\"@type\":\"ListItem\",\"position\":2,\"name\":\"Pol\u00edtica de privacidad\"}]},{\"@type\":\"WebSite\",\"@id\":\"https:\\\/\\\/www.editorialgeu.com\\\/blog\\\/#website\",\"url\":\"https:\\\/\\\/www.editorialgeu.com\\\/blog\\\/\",\"name\":\"Blog Editorial GEU\",\"description\":\"Actualidad, noticias y consejos por una Escuela Inclusiva\",\"publisher\":{\"@id\":\"https:\\\/\\\/www.editorialgeu.com\\\/blog\\\/#organization\"},\"potentialAction\":[{\"@type\":\"SearchAction\",\"target\":{\"@type\":\"EntryPoint\",\"urlTemplate\":\"https:\\\/\\\/www.editorialgeu.com\\\/blog\\\/?s={search_term_string}\"},\"query-input\":{\"@type\":\"PropertyValueSpecification\",\"valueRequired\":true,\"valueName\":\"search_term_string\"}}],\"inLanguage\":\"es\"},{\"@type\":\"Organization\",\"@id\":\"https:\\\/\\\/www.editorialgeu.com\\\/blog\\\/#organization\",\"name\":\"Blog Editorial GEU\",\"url\":\"https:\\\/\\\/www.editorialgeu.com\\\/blog\\\/\",\"logo\":{\"@type\":\"ImageObject\",\"inLanguage\":\"es\",\"@id\":\"https:\\\/\\\/www.editorialgeu.com\\\/blog\\\/#\\\/schema\\\/logo\\\/image\\\/\",\"url\":\"https:\\\/\\\/www.editorialgeu.com\\\/blog\\\/wp-content\\\/uploads\\\/2019\\\/11\\\/LogoGEU_Blog.png\",\"contentUrl\":\"https:\\\/\\\/www.editorialgeu.com\\\/blog\\\/wp-content\\\/uploads\\\/2019\\\/11\\\/LogoGEU_Blog.png\",\"width\":1181,\"height\":477,\"caption\":\"Blog Editorial GEU\"},\"image\":{\"@id\":\"https:\\\/\\\/www.editorialgeu.com\\\/blog\\\/#\\\/schema\\\/logo\\\/image\\\/\"}}]}<\/script>\n<!-- \/ Yoast SEO plugin. -->","yoast_head_json":{"title":"Pol\u00edtica de privacidad - Blog Editorial GEU","robots":{"index":"index","follow":"follow","max-snippet":"max-snippet:-1","max-image-preview":"max-image-preview:large","max-video-preview":"max-video-preview:-1"},"canonical":"https:\/\/www.editorialgeu.com\/blog\/politica-de-privacidad\/","og_locale":"es_ES","og_type":"article","og_title":"Pol\u00edtica de privacidad - Blog Editorial GEU","og_description":"En cumplimiento de lo dispuesto en el art\u00edculo 5 de la Ley Org\u00e1nica 15\/1999, de 13 de Diciembre, de Protecci\u00f3n de Datos de Car\u00e1cter Personal, le informamos de la existencia de un fichero mixto de datos de car\u00e1cter personal denominado CLIENTES Y PROVEEDORES cuyo titular y responsable es LOZANO IMPRESORES S.L. La existencia del fichero [&hellip;]","og_url":"https:\/\/www.editorialgeu.com\/blog\/politica-de-privacidad\/","og_site_name":"Blog Editorial GEU","article_modified_time":"2018-05-25T09:14:00+00:00","twitter_card":"summary_large_image","twitter_misc":{"Tiempo de lectura":"4 minutos"},"schema":{"@context":"https:\/\/schema.org","@graph":[{"@type":"WebPage","@id":"https:\/\/www.editorialgeu.com\/blog\/politica-de-privacidad\/","url":"https:\/\/www.editorialgeu.com\/blog\/politica-de-privacidad\/","name":"Pol\u00edtica de privacidad - Blog Editorial GEU","isPartOf":{"@id":"https:\/\/www.editorialgeu.com\/blog\/#website"},"datePublished":"2018-05-24T11:29:09+00:00","dateModified":"2018-05-25T09:14:00+00:00","breadcrumb":{"@id":"https:\/\/www.editorialgeu.com\/blog\/politica-de-privacidad\/#breadcrumb"},"inLanguage":"es","potentialAction":[{"@type":"ReadAction","target":["https:\/\/www.editorialgeu.com\/blog\/politica-de-privacidad\/"]}]},{"@type":"BreadcrumbList","@id":"https:\/\/www.editorialgeu.com\/blog\/politica-de-privacidad\/#breadcrumb","itemListElement":[{"@type":"ListItem","position":1,"name":"Portada","item":"https:\/\/www.editorialgeu.com\/blog\/"},{"@type":"ListItem","position":2,"name":"Pol\u00edtica de privacidad"}]},{"@type":"WebSite","@id":"https:\/\/www.editorialgeu.com\/blog\/#website","url":"https:\/\/www.editorialgeu.com\/blog\/","name":"Blog Editorial GEU","description":"Actualidad, noticias y consejos por una Escuela Inclusiva","publisher":{"@id":"https:\/\/www.editorialgeu.com\/blog\/#organization"},"potentialAction":[{"@type":"SearchAction","target":{"@type":"EntryPoint","urlTemplate":"https:\/\/www.editorialgeu.com\/blog\/?s={search_term_string}"},"query-input":{"@type":"PropertyValueSpecification","valueRequired":true,"valueName":"search_term_string"}}],"inLanguage":"es"},{"@type":"Organization","@id":"https:\/\/www.editorialgeu.com\/blog\/#organization","name":"Blog Editorial GEU","url":"https:\/\/www.editorialgeu.com\/blog\/","logo":{"@type":"ImageObject","inLanguage":"es","@id":"https:\/\/www.editorialgeu.com\/blog\/#\/schema\/logo\/image\/","url":"https:\/\/www.editorialgeu.com\/blog\/wp-content\/uploads\/2019\/11\/LogoGEU_Blog.png","contentUrl":"https:\/\/www.editorialgeu.com\/blog\/wp-content\/uploads\/2019\/11\/LogoGEU_Blog.png","width":1181,"height":477,"caption":"Blog Editorial GEU"},"image":{"@id":"https:\/\/www.editorialgeu.com\/blog\/#\/schema\/logo\/image\/"}}]}},"_links":{"self":[{"href":"https:\/\/www.editorialgeu.com\/blog\/wp-json\/wp\/v2\/pages\/923","targetHints":{"allow":["GET"]}}],"collection":[{"href":"https:\/\/www.editorialgeu.com\/blog\/wp-json\/wp\/v2\/pages"}],"about":[{"href":"https:\/\/www.editorialgeu.com\/blog\/wp-json\/wp\/v2\/types\/page"}],"author":[{"embeddable":true,"href":"https:\/\/www.editorialgeu.com\/blog\/wp-json\/wp\/v2\/users\/1"}],"replies":[{"embeddable":true,"href":"https:\/\/www.editorialgeu.com\/blog\/wp-json\/wp\/v2\/comments?post=923"}],"version-history":[{"count":2,"href":"https:\/\/www.editorialgeu.com\/blog\/wp-json\/wp\/v2\/pages\/923\/revisions"}],"predecessor-version":[{"id":928,"href":"https:\/\/www.editorialgeu.com\/blog\/wp-json\/wp\/v2\/pages\/923\/revisions\/928"}],"wp:attachment":[{"href":"https:\/\/www.editorialgeu.com\/blog\/wp-json\/wp\/v2\/media?parent=923"}],"curies":[{"name":"wp","href":"https:\/\/api.w.org\/{rel}","templated":true}]}}